1 - (-22)/y. Suppose 0 = -5*a + 5*d + 11 + 19, 0 = 5*a - 3*d - j. What is the units digit of a?
2
Suppose -v = 4*v. Let k(n) = -2*n**2 + 2*n + 6. Let u(t) = -5*t**2 + 5*t + 13. Let g(j) = 7*k(j) - 3*u(j). What is the units digit of g(v)?
3
Let n = 3 + -1. Let j be n/(-10) + 168/15. Suppose 3*x - 8 = -3*l + x, 0 = l - x - j. What is the units digit of l?
6
Let q(b) = -b**3 - 12*b**2 - 12*b + 1. Let i be q(-11). Suppose -3*h = -3*c - 29 + 2, 4*c = -i. What is the units digit of h?
6
Let x(b) = 0*b**2 + b**3 - 5*b**2 + 3*b - 3 + 0. What is the tens digit of x(5)?
1
Let y(j) = -j**3 - 6*j**2 - 4*j + 4. Let u be y(-6). Suppose -4*a + 0 + u = 0. Let b = -5 + a. What is the units digit of b?
2
Suppose -4*y = -2*y. Let v be 8/(-6)*-3*-1. Let p = y - v. What is the units digit of p?
4
Suppose -3*k = 4*w - 0*w - 187, 2*w - 5*k - 87 = 0. Suppose 3*a = w + 41. What is the tens digit of a?
2
Suppose -7*y + 6*y = -107. What is the tens digit of y?
0
Suppose 0*w - 7 = -w. What is the units digit of w?
7
Let l(z) = -z**2 - 6*z - 6. Let o be l(-4). Suppose 4*a = -1 + 5. Let c = o + a. What is the units digit of c?
3
Let a(u) = u**3 - 10*u**2 - u - 2. Let q be a(10). Let r = -7 - q. What is the units digit of r?
5
Let g = -65 + 124. What is the units digit of g?
9
Suppose -3*q - 6*q + 495 = 0. What is the units digit of q?
5
Let c(n) = -n - 17. Let u be c(-11). Let r be (-2)/(-5) - (-12)/(-5). What is the units digit of r + 0 - 2*u?
0
Let l be 1/((-4)/(-56)) + 0. Suppose -5*n + l = -3*r, -r + 3*r - 4 = 0. What is the units digit of n?
4
Let r(l) be the first derivative of 8*l**3/3 + 2*l - 2. Let f be r(2). Suppose -2*v + 3*s + f = 12, 0 = 4*v - 4*s - 44. What is the tens digit of v?
1
Suppose 2*y + 0*v + 2 = -2*v, 0 = -5*y - 2*v + 10. What is the units digit of y?
4
Let o(m) = -16*m - 3. Let h be o(-5). What is the units digit of (110/h)/(2/14)?
0
Let z be 10 + -3 - (-3 + 3). Suppose z*b - 116 = 3*b. What is the units digit of b?
9
Let w = -36 - -71. What is the tens digit of w?
3
Let l = 11 - 16. Let t = l - -13. What is the units digit of t?
8
What is the tens digit of (-21)/((-15)/(-20)*-2)?
1
Let w = -29 + 0. Let z = -8 - w. What is the units digit of z?
1
What is the units digit of 329 + (-1 - -1) - -4?
3
Let j(s) = s**3 - 3*s**2 - 19*s + 13. What is the units digit of j(8)?
1
Let i = 41 - 29. What is the units digit of i?
2
Suppose 0 = o - 8 + 2. Suppose 2*c - o*c + 20 = 0. What is the units digit of c?
5
Suppose -3*d - 40 + 466 = 0. Suppose 0 = -5*c - 4*l + d, l = -l + 6. What is the units digit of c?
6
Suppose -140 = -2*f - 3*f - 2*p, -4*p + 70 = 3*f. What is the tens digit of f?
3
Let d be (-10)/25*-5*1. What is the tens digit of ((-3)/(-9))/(d/138)?
2
Suppose -r - 1 = 0, 2*r - 82 = -0*i - 3*i. Suppose 4*z - 5*w + 38 = -36, -z = -2*w + 20. Let j = z + i. What is the tens digit of j?
1
Let y(r) = -4*r + 10. Let d(j) = 7*j - 21. Let s(b) = 3*d(b) + 5*y(b). Let g be s(6). What is the tens digit of (-86)/g + (-10)/35?
1
Let o(j) = j**2 - j + 2. Let x be o(-4). Let y = x - 10. What is the units digit of y?
2
Suppose 2*m + 3*j - 7 = 0, -4*m = -5*m + 5*j + 10. Suppose 0 = -0*f - m*f + 40. What is the units digit of f?
8
Let t(k) = 6*k**2 - 3*k + 2. Suppose -4*a - 4*u = -6*u - 6, -u - 9 = -5*a. What is the tens digit of t(a)?
2
Suppose -5*z + 31 = -4. Suppose q - 12 = z. What is the units digit of q?
9
Let j(f) = f**3 + 2*f**2 + 2*f + 1. Let z be j(-1). Suppose -4*a - a + 50 = z. What is the units digit of a?
0
Suppose -30 = 5*x - 0. Let p = 15 + x. What is the units digit of p?
9
Let i = -24 - -73. Let c = i + -32. What is the tens digit of c?
1
Let t(p) = -2*p**2 - 3*p + 2. Let d be t(-2). Let o = 6 + d. What is the units digit of o?
6
Suppose -4*q - 4 = 2*u - 0, -u - 3*q - 7 = 0. Suppose 7*h - u*h = -11. What is the units digit of h?
1
Let p(x) = -x**2 + x + 10. Let r(b) = -b - 6. Let s be r(-6). What is the units digit of p(s)?
0
Let g(i) = 13*i - 5 + 2*i**2 - 3*i**2 + 3. What is the units digit of g(11)?
0
Let m(x) = -6*x - 1. Let g be m(-2). Let s = g + 4. What is the units digit of s?
5
Let o = -14 + 23. Suppose o*m - 4*m - 95 = 0. Let s = m + -11. What is the units digit of s?
8
Suppose -9*f + 9 = -6*f. Suppose -5*t + 49 = -j + 4*j, 4*j - 7 = 5*t. Suppose -f*x = -j - 34. What is the units digit of x?
4
Suppose 5*f - 25 = -0*f. Suppose 0 = b - 4, f*o + 2*b + 16 = 6*b. Suppose o = 3*m + 4 - 22. What is the units digit of m?
6
What is the tens digit of ((-2)/2 + 486)*6/15?
9
Suppose -k + 37 = -3*a + 5*a, -4*k = -5*a - 83. What is the tens digit of k?
2
Let g = -2 + 9. Let i(y) = -y**3 + 8*y**2 + 2*y + 7. Let f be i(g). Suppose 0*z = 5*z - f. What is the units digit of z?
4
Suppose 0 = 4*l - 6*l. Suppose 45 = 9*o - 4*o. Let a = l + o. What is the units digit of a?
9
Let c be 24 - (6 + (2 - 4)). Suppose c*v = 18*v + 68. What is the tens digit of v?
3
Let f = -13 + 5. Let h(x) = x**2 + 9*x + 12. Let m be h(f). Let a(c) = c**3 - 2*c**2 - 6*c + 4. What is the units digit of a(m)?
2
Let j(i) = 4*i - 9. Suppose -p + 2*p - 9 = 0. What is the tens digit of j(p)?
2
Suppose 6*i - 3*i - 105 = 0. Let j = -25 + i. What is the tens digit of j?
1
Suppose 11*s = -2*s + 65. What is the units digit of s?
5
Let r = 34 - 27. Let u(m) = -m**2 - 9*m - 6. Let o be u(-6). Let d = o - r. What is the units digit of d?
5
Let r(f) = f**3 - f**2 - 4*f - 3. Let u be r(-2). What is the tens digit of (30/(-21))/(1/u)?
1
Let z = -6 + 6. Suppose z = 4*c + s - 0*s - 88, 0 = c - s - 27. What is the units digit of c?
3
Suppose n - 3*v - 15 = -0*n, -2*n - 2*v + 38 = 0. What is the tens digit of n?
1
Let u(i) = -i**2 + 7*i - 5. Let r be u(6). Suppose 3 = d + r. Suppose 2*w - d = 12. What is the units digit of w?
7
Let l(z) = -3 + 2 - 4*z + 0*z - 4. What is the units digit of l(-3)?
7
Let u(y) = -2*y + 12. Let p be u(8). Let g(l) = -2*l**2 - 6*l - 4. Let j be g(p). Let s = -5 - j. What is the units digit of s?
7
Let g(f) = f**2 + 6*f - 14. What is the tens digit of g(3)?
1
Suppose 0 = d + 1 - 5. Suppose 0 = d*m - 20 - 24. What is the tens digit of m?
1
Suppose -4*t + 4*b = 0, -3*t + 4 = 2*b - 4*b. Let o = 3 - t. Let u(s) = -5*s - 1. What is the units digit of u(o)?
4
Suppose o = -9 - 0. Let c be 12/3*(-46)/8. Let n = o - c. What is the units digit of n?
4
Let s be 8/20 - 17/5. What is the tens digit of (s - -1) + 24 + 2?
2
Let b(p) be the first derivative of -p**4/4 + 7*p**3/3 - 5*p**2/2 - p + 2. What is the units digit of b(6)?
5
Let i be 3/(1*-3) + 21. Let n = i + -12. Suppose 4*a - 2*o + 5*o = 1, -4*o - n = 3*a. What is the units digit of a?
4
Let h(m) = -m + 13. What is the units digit of h(-4)?
7
Let n be 8/20 - 96/(-10). Suppose -3*g - 5*f + 0*f = -8, -5*f + n = 5*g. What is the units digit of g?
1
Let t be (-1)/(-2) + 4/8. What is the tens digit of (3/9 + t)*12?
1
Let v be (-4 + 0)/1 - -37. Let u = v + -9. What is the units digit of u?
4
Suppose m - 1 = 4. Suppose 0 = m*s - s - 24. What is the units digit of s?
6
Let d be 40/16*8/5. What is the tens digit of (-1)/(d/(-424)*2)?
5
Suppose -2*h = -0*h. Suppose 0*f - f + 4 = h. What is the units digit of -1 + f - 1 - -5?
7
Let g(i) = -i**3 - 12*i**2 + 17*i - 7. Let q be g(-14). Suppose 2*h - 89 = -3*j, -3*h + q = 5*j - 0*h. What is the units digit of j?
7
Suppose -4*m + 170 = 6*m. Let h be 5 - (-2)/(-4)*2. Suppose -3*i - z = -4, i + h*z = -0*i - m. What is the units digit of i?
3
Suppose 3*o + 3*t = -2*t + 95, 0 = -2*o - t + 68. Suppose 0 = -2*d + o + 7. What is the tens digit of d?
2
Suppose 5*c - q - 18 = -3, -45 = -5*c - 5*q. Suppose 0 = -0*v - c*v + 24. What is the units digit of v?
6
Suppose 2 + 18 = 4*i. Suppose m + 24 = i*m. What is the units digit of m?
6
Let i = -11 - -29. Suppose 2*c = -0*c + 10. Suppose c*q = 3*q + i. What is the units digit of q?
9
Let q(h) be the first derivative of h**5/20 + h**4/4 - h**3/6 + h**2/2 + h + 1. Let f(p) be the first derivative of q(p). What is the units digit of f(-3)?
4
Let z be (-6)/(-3) - (-2)/(-1). Suppose z = 2*h + 5 - 7. What is the units digit of h?
1
Let n = -37 + 95. Suppose 0*b = -3*s - 4*b + 27, 4*s - 2*b = n. What is the tens digit of s?
1
Suppose 19 = 3*v + 4. Suppose -v*y + 48 = -x, -4*x + 5*x - 52 = -5*y. What is the units digit of y?
0
Suppose -5*d - 17 - 186 = -2*o, 4*d - 362 